value of 27 + -31 - (-2 + 0 + 1)?
-3
Evaluate -2 - -7 - (11 + -12 + 6).
0
What is (1 - (7 + (-13 - -4))) + -1?
2
What is (-9 + 17 - 7) + 5?
6
Calculate (-2 - -1) + (3 - 6) + 6.
2
5 + -8 + (-4 - -2) + 4
-1
What is -4 + (-7 - -5) - (-2 + 1)?
-5
Evaluate -3 + -3 + 11 + -4 + -5.
-4
Calculate -24 - -13 - -5 - -6.
0
What is (-5 - (1 + 0 + -10)) + 0?
4
What is the value of 1 + (0 - 0 - 5)?
-4
What is the value of -1 + (3 - (2 + 2 + -1))?
-1
-5 + (12 - (14 - 14))
7
Calculate 1 + 3 + -5 - (3 - 1).
-3
What is the value of 9 + (-2 - -3) + -5 - 10?
-5
What is 7 + -2 + (-19 - -14)?
0
Evaluate -15 + 8 + 9 + -9.
-7
What is (-22 - (-4 + -13)) + (0 - 2)?
-7
What is -3 + (-1 - ((6 - 4) + -4))?
-2
Evaluate 8 + -4 + 9 + -7.
6
Evaluate 6 - (2 - 0) - 3.
1
(-3 - -4) + -4 + (3 - 5)
-5
What is the value of 3 + -1 - 10 - (-16 - -13)?
-5
7 + (-5 - 3) + 3
2
Calculate 1 + 4 - 8 - (-11 - -2).
6
1 + -9 - -10 - -4
6
Calculate -9 - (-9 + 4) - (-8 - -6).
-2
(-4 - (7 - 10)) + (3 - -3)
5
Evaluate -10 - -13 - (2 - -2).
-1
What is the value of -5 + -3 + 11 + -5?
-2
What is the value of 6 + -3 - (15 + (-4 - -1))?
-9
Calculate -6 + 2 + (-4 - (-11 + 5)).
-2
What is the value of 8 - 11 - (2 + -14 - -7)?
2
Calculate (-2 + 4 - -6) + -3 + -2.
3
What is the value of -2 + 6 - (0 + 0)?
4
Evaluate 4 - (3 - (-2 + 3 + 0)).
2
-6 + 1 - (-15 + 7)
3
0 - (-8 - (4 - 7))
5
Calculate 3 + 2 - (9 + -7 - 0).
3
What is -7 + (-12 - -7 - -1)?
-11
What is the value of -1 + (-2 - -5) - 10?
-8
Evaluate (5 - (3 - -3)) + -10.
-11
Calculate 1 - (4 - (-1 - 1)) - -1.
-4
Calculate -9 + 0 + 0 - -7.
-2
Evaluate 4 - 3 - ((5 - 4) + -2).
2
What is (-1 - (1 + 7)) + 3 - -1?
-5
Evaluate -22 + 11 + 11 - (-3 + -1).
4
What is the value of 0 - ((0 - -2) + 2) - -12?
8
What is 0 + 2 + (-4 + 9 - 5)?
2
What is -15 + 20 + (-6 - -4 - 4)?
-1
(3 - (-8 + 15)) + -2 + 12
6
-12 + 16 - (-1 - 0)
5
What is the value of -2 - (3 + (-7 - (-1 + -2)))?
-1
(-5 + 1 - -3) + 2
1
Calculate 9 + 4 - (14 + -3).
2
What is (2 + -7 - -1) + 6?
2
Evaluate 2 + 2 - -2 - (7 - 6).
5
What is the value of 4 - ((5 - 5) + 8)?
-4
Evaluate -8 + (-1 + -2 - -7).
-4
What is the value of (-4 - -1) + (-7 - -13)?
3
5 - ((6 - 2) + -8 + 4)
5
Calculate 8 + -8 + (0 - 4).
-4
What is the value of -3 - (-16 - (-2 + -7))?
4
What is 1 - (-1 + 1 - (6 + -3))?
4
What is 1 - (1 - (-1 + -1) - -2)?
-4
What is -2 + (-5 - 3) - -8?
-2
-1 + (-3 + 3 - 5) + -2
-8
What is the value of -2 - (-3 + (4 - (3 + -3)))?
-3
What is the value of 3 + (0 + 3 - (-2 + 6))?
2
What is (2 - 0) + 5 + -13?
-6
Evaluate -10 + 11 + (-2 - 0 - -4).
3
0 + -4 + -7 + 4 + -1
-8
Calculate 2 + (3 - 8) - 0.
-3
Evaluate -4 - (-2 + 2 - -2) - -13.
7
What is the value of -49 + 49 + -10 + 2?
-8
Calculate 4 + 0 - (-3 - 6 - -8).
5
What is (0 - (5 - 10)) + -9?
-4
What is the value of 5 - ((-6 - -4) + 2 - -7)?
-2
(-2 - -1) + 1 + -13 + 7
-6
-11 + (-5 - -8) - -4
-4
Calculate 0 - ((-5 - (3 + 2)) + 2).
8
What is -1 - (-1 + 6 + -3) - -1?
-2
-1 - (-1 + (0 - -3) - -1)
-4
What is -6 + 10 + (2 - -1) - 2?
5
What is -4 - (5 - (1 - -11))?
3
What is (0 - 0) + (-22 - -21)?
-1
Calculate 0 + -6 + 8 + -2.
0
What is -8 - (-3 - 3) - (0 + 1)?
-3
5 + -1 + (0 - -3 - 4)
3
-12 - (-7 + (-10 - -13))
-8
What is the value of -2 + (0 - (-1 - -6))?
-7
What is the value of 4 + -4 - -2 - -2?
4
What is -1 + -2 + 2 + (1 - 4)?
-4
Calculate (2 - (3 + 3)) + (-10 - -7).
-7
What is the value of 3 - (1 + (-9 - -8))?
3
What is the value of 20 + (-19 - -2) - (-2 + 0)?
5
What is 2 - (2 + 1 + -1 - 3)?
3
Calculate -6 - -3 - (0 + 3 - 2).
-4
-1 + 2 + 4 + -5
0
Evaluate (6 - 18) + 3 + 6.
-3
What is 18 + -27 + (8 - 1)?
-2
What is the value of (-5 - -1 - -4) + 7 + -4?
3
What is (-8 - -1 - 0 - -5) + -8?
-10
Calculate 2 - (9 + -4 + -1).
-2
What is 4 + -3 + -1 + (5 - 2)?
3
What is the value of -2 + 2 - 2 - (26 + -22)?
-6
What is 5 - (-5 - -7) - 9?
-6
Evaluate -6 + -9 + 8 + 0.
-7
What is the value of 2 - 4 - (-7 - -6 - 0)?
-1
What is -1 - 0 - (-2 + 3)?
-2
1 - (10 + 6 + -12 - -5)
-8
Calculate -5 + (4 - 0) + -4.
-5
Evaluate (1 - 10) + 40 + -31.
0
(-1 - -7) + -3 - -2 - 7
-2
What is -4 - 1 - (129 - 129)?
-5
Evaluate -2 + (4 - 3) + (3 - -3).
5
What is the value of (2 - 5) + (-2 - (-7 + 6))?
-4
What is -3 - (-9 + 7 + 2 + -9)?
6
What is 12 - 9 - (1 - 1)?
3
What is the value of -3 - (-1 + -2 + -4)?
4
What is the value of 6 + -4 + -14 + 4?
-8
Evaluate -10 - (-6 - (-1 - -4)).
-1
What is the value of -1 + 5 + -9 - 0?
-5
Evaluate (7 - (-18 + 15)) + -21.
-11
(1 - (-8 - -4)) + -3 - 7
-5
What is (2 - -1) + -7 - (-1 + -3)?
0
Evaluate -7 + 8 + -9 + 0 + 1.
-7
What is the value of 6 + -4 - -8 - 8?
2
Evaluate 5 - (6 + -1 - -2 - 5).
3
What is (3 - (6 + -6)) + -5 - 1?
-3
What is the value of (-1 - 1) + 8 + -13?
-7
What is the value of 0 + (-7 - (-10 + 4) - -3)?
2
Calculate -19 + 15 - ((-11 - -2) + 0).
5
What is the value of (-4 - -1) + (-1 - -5 - 1)?
0
What is the value of (9 + -5 - 5 - 6) + -1?
-8
Calculate 12 + -3 + 4 + -9 + 4.
8
What is the value of 17 + -17 - (-1 - -2)?
-1
Calculate -5 - (-9 - -3 - (-2 + 1)).
0
What is the value of (-6 - (-1 - 4)) + 4?
3
Calculate (-4 - (3 - 6)) + -5.
-6
Evaluate -5 - ((2 - 8) + 0).
1
Evaluate (-1 - -3) + -1 + -2.
-1
What is -9 - (2 + (-6 - 8))?
3
What is the value of -1 + 4 + -28 + 23?
-2
Evaluate 3 + -4 + -2 + -2 + 7.
2
What is (7 - 0) + 20 + -24?
3
What is -17 - -3 - (5 - 12) - -6?
-1
Evaluate (0 - -2 - 0) + -1 + 2.
3
Calculate -6 - (10 + -21 - -14).
-9
What is 2 + (-1 - -4) - 4?
1
Calculate 4 + -3 + -1 + 0 - -4.
4
What is 2 + -5 + -2 + -2 - -3?
-4
What is 1 + -1 + -3 - (-64 + 58)?
3
What is the value of 0 + (3 - 0) + -2 + 1?
2
What is the value of (13 - 26) + (11 - 7)?
-9
-2 - -3 - ((6 - 0) + -3)
-2
Evaluate -10 - (-11 - (-3 + -1)).
-3
Calculate 11 + -6 + (1 - -1).
7
Calculate -18 - -2 - -22 - (16 - 1).
-9
Evaluate 1 + -3 + 7 + 1 + -4.
2
Evaluate -2 + (14 - (7 - 4)) - 6.
3
(4 - (-4 + (-1 - -9))) + 3
3
Evaluate (-12 - -5) + 6 - 4.
-5
6 + 0 - (-2 + -3 + 6)
5
What is the value of 8 - ((-2 - -1) + 6)?
3
(-48 - -50) + -4 + (1 - 0)
-1
(3 - 7) + 7 + -3
0
-8 + 0 + (12 - (3 + 5))
-4
What is (4 - 3) + 2 + -5?
-2
-8 + 12 - (1 + 3)
0
Calculate 8 + (-29 - -4) - -10.
-7
What is -6 + 1 + -2 + 12?
5
What is the value of 0 + -3 - (-103 + 106)?
-6
What is the value of -4 + 6 + 0 - (1 + 4)?
-3
Evaluate 2 + 4 - (5 - (13 - 8)).
6
What is -1 + -3 + 7 - 5?
-2
Calculate -4 + (3 + 3 - 2).
0
What is the value of -2 - -4 - ((1 - -2) + -1)?
0
What is (-3 - -1) + (-9 - -9)?
-2
What is the value of -8 - (2 - 15 - (8 + -13))?
0
(6 - (6 - 15)) + -7
8
Evaluate 0 - (-5 + -1 - 0).
6
What is (-13 - -16) + 0 + 1 + -2?
2
-14 - 7 - -9 - -14
2
What is 4 - (-4 + 0 - -5)?
3
What is 13 + -12 + 10 + -18?
-7
(6 - 3) + 0 - 3
0
What is 2 + (3 + -1 - 5) + -1?
-2
Calculate (4 - 1) + 19 + -18.
4
Calculate (-8 - (-11 + 4)) + -7.
-8
16 - (8 + -2) - 19
-9
(11 - (0 - -8)) + 1 + -5
-1
What is the value of 6 + (6 - (0 + 2) - 18)?
-8
Calculate 11 + -21 + 1 - -10.
1
Evaluate -2 - (13 + -9 - (8 - 1)).
1
Calculate 7 + (-17 + 1 - (26 + -30)).
-5
-10 - -14 - (1 - 0)
3
What is the value of -4 + 0 + (-5 - -8)?
-1
Evaluate 8 - (11 + 6) - -3.
-6
Evaluate 3 + -3 - (7 + -6).
-1
Calculate 2 - 7 - (-1 - 7).
3
Evaluate 3 + (-8 - (0 + -2)) + 4.
1
What is 16 - (-8 - 0 - -20)?
4
Evaluate -1 - -2 - (7 - (3 + 6)).
3
What is (1 - 1 - -1) + -5 + 0?
-4
(-2 - 2) + (-1 + 1 - -2)
-2
What is the value of 10 + 5 + -3 + -10?
2
Calculate (4 - (-2 + 10)) + 7.
3
What is 7 + (6 - (-3 + 4) - 8)?
4
What is 8 + -7 + (0 - 1) + -3?
-3
What is 11 + (1 - 4) - 10?
-2
Evaluate -8 - (-2 - (1 - 2)).
-7
What is the value of -7 - ((3 - (-5 + 6)) + -3)?
-6
-1 + (0 - 4) + 0
-5
Calculate (-2 - -1) + 5 - (0 - -3).
1
-8 + 2 + 14 + -7
1
Evaluate 0 + (17 - 23) + (1 - -1).
-4
What is the value of 24 - 24 - (1 - 4)?
3
6 + (1 - (17 - 5))
-5
(-2 - -4 - (1 + -1)) + 3
5
What is -8 + 0 + 11 - (4 - 0)?
-1
Calculate -1 + -1 + 6 + -1 + -2.
1
What is 3 + 0 + -5 - (0 + 0)?
-2
Evaluate -4 - -2 - (7 + -6).
-3
What is -1 + 1 + 4 - 7 - -7?
4
What is the value of 3 + (-8 - -5) - -6?
6
Evaluate (24 - 29) + (-2 - -3).
-4
What is the value of -13 + (10 - 16) + 17?
-2
What is the value of -9 + 1 + 1 + (-2 - -4)?
-5
0 + -2 + 1 + (17 - 23)
-7
Calculate -2 - (14 + -8 - 7).
-1
0 - -11 - (-38 - -48)
1
What is 2 + -10 - (88 + -88)?
-8
2 - (-1 + 4 + -2) - 1
0
What is the value of (-18 - -1) + (-22 - 